{"id":325,"date":"2023-02-01T17:13:25","date_gmt":"2023-02-01T17:13:25","guid":{"rendered":"http:\/\/terezinskainiciativa.cz\/?post_type=tribe_events&#038;p=325"},"modified":"2024-02-25T18:24:36","modified_gmt":"2024-02-25T17:24:36","slug":"tryzna","status":"publish","type":"tribe_events","link":"https:\/\/terezinskainiciativa.cz\/en\/event\/tryzna\/","title":{"rendered":"Tryzna"},"content":{"rendered":"<p><img loading=\"lazy\" decoding=\"async\" class=\"alignnone  wp-image-796\" src=\"https:\/\/terezinskainiciativa.cz\/wp-content\/uploads\/2024\/02\/TI0803-300x169.png\" alt=\"\" width=\"1233\" height=\"695\" srcset=\"https:\/\/terezinskainiciativa.cz\/wp-content\/uploads\/2024\/02\/TI0803-300x169.png 300w, https:\/\/terezinskainiciativa.cz\/wp-content\/uploads\/2024\/02\/TI0803-1024x576.png 1024w, https:\/\/terezinskainiciativa.cz\/wp-content\/uploads\/2024\/02\/TI0803-768x432.png 768w, https:\/\/terezinskainiciativa.cz\/wp-content\/uploads\/2024\/02\/TI0803-18x10.png 18w, https:\/\/terezinskainiciativa.cz\/wp-content\/uploads\/2024\/02\/TI0803.png 1152w\" sizes=\"(max-width: 1233px) 100vw, 1233px\" \/><\/p>\n","protected":false},"excerpt":{"rendered":"","protected":false},"author":1,"featured_media":0,"comment_status":"open","ping_status":"closed","template":"","meta":{"_tribe_events_status":"","_tribe_events_status_reason":"","footnotes":""},"tags":[],"tribe_events_cat":[],"class_list":["post-325","tribe_events","type-tribe_events","status-publish","hentry"],"yoast_head":"<!-- This site is optimized with the Yoast SEO plugin v21.9.1 - https:\/\/yoast.com\/wordpress\/plugins\/seo\/ -->\n<title>Tryzna - Terez\u00ednsk\u00e1 iniciativa<\/title>\n<meta name=\"robots\" content=\"index, follow, max-snippet:-1, max-image-preview:large, max-video-preview:-1\" \/>\n<link rel=\"canonical\" href=\"https:\/\/terezinskainiciativa.cz\/en\/event\/tryzna\/\" \/>\n<meta property=\"og:locale\" content=\"en_US\" \/>\n<meta property=\"og:type\" content=\"article\" \/>\n<meta property=\"og:title\" content=\"Tryzna - Terez\u00ednsk\u00e1 iniciativa\" \/>\n<meta property=\"og:url\" content=\"https:\/\/terezinskainiciativa.cz\/en\/event\/tryzna\/\" \/>\n<meta property=\"og:site_name\" content=\"Terez\u00ednsk\u00e1 iniciativa\" \/>\n<meta property=\"article:modified_time\" content=\"2024-02-25T17:24:36+00:00\" \/>\n<meta property=\"og:image\" content=\"https:\/\/terezinskainiciativa.cz\/wp-content\/uploads\/2024\/02\/TI0803-300x169.png\" \/>\n<meta name=\"twitter:card\" content=\"summary_large_image\" \/>\n<meta name=\"twitter:label1\" content=\"Est. reading time\" \/>\n\t<meta name=\"twitter:data1\" content=\"1 minute\" \/>\n<script type=\"application\/ld+json\" class=\"yoast-schema-graph\">{\"@context\":\"https:\/\/schema.org\",\"@graph\":[{\"@type\":\"WebPage\",\"@id\":\"https:\/\/terezinskainiciativa.cz\/event\/tryzna\/\",\"url\":\"https:\/\/terezinskainiciativa.cz\/event\/tryzna\/\",\"name\":\"Tryzna - Terez\u00ednsk\u00e1 iniciativa\",\"isPartOf\":{\"@id\":\"https:\/\/terezinskainiciativa.cz\/#website\"},\"datePublished\":\"2023-02-01T17:13:25+00:00\",\"dateModified\":\"2024-02-25T17:24:36+00:00\",\"breadcrumb\":{\"@id\":\"https:\/\/terezinskainiciativa.cz\/event\/tryzna\/#breadcrumb\"},\"inLanguage\":\"en-US\",\"potentialAction\":[{\"@type\":\"ReadAction\",\"target\":[\"https:\/\/terezinskainiciativa.cz\/event\/tryzna\/\"]}]},{\"@type\":\"BreadcrumbList\",\"@id\":\"https:\/\/terezinskainiciativa.cz\/event\/tryzna\/#breadcrumb\",\"itemListElement\":[{\"@type\":\"ListItem\",\"position\":1,\"name\":\"Dom\u016f\",\"item\":\"https:\/\/terezinskainiciativa.cz\/\"},{\"@type\":\"ListItem\",\"position\":2,\"name\":\"Akce\",\"item\":\"https:\/\/terezinskainiciativa.cz\/events\/\"},{\"@type\":\"ListItem\",\"position\":3,\"name\":\"Tryzna\"}]},{\"@type\":\"WebSite\",\"@id\":\"https:\/\/terezinskainiciativa.cz\/#website\",\"url\":\"https:\/\/terezinskainiciativa.cz\/\",\"name\":\"Terez\u00ednsk\u00e1 iniciativa\",\"description\":\"TI je sdru\u017een\u00ed b\u00fdval\u00fdch v\u011bz\u0148\u016f terez\u00ednsk\u00e9ho ghetta a jejich p\u0159\u00edm\u00fdch potomk\u016f\",\"publisher\":{\"@id\":\"https:\/\/terezinskainiciativa.cz\/#organization\"},\"potentialAction\":[{\"@type\":\"SearchAction\",\"target\":{\"@type\":\"EntryPoint\",\"urlTemplate\":\"https:\/\/terezinskainiciativa.cz\/?s={search_term_string}\"},\"query-input\":\"required name=search_term_string\"}],\"inLanguage\":\"en-US\"},{\"@type\":\"Organization\",\"@id\":\"https:\/\/terezinskainiciativa.cz\/#organization\",\"name\":\"Terez\u00ednsk\u00e1 iniciativa\",\"url\":\"https:\/\/terezinskainiciativa.cz\/\",\"logo\":{\"@type\":\"ImageObject\",\"inLanguage\":\"en-US\",\"@id\":\"https:\/\/terezinskainiciativa.cz\/#\/schema\/logo\/image\/\",\"url\":\"https:\/\/terezinskainiciativa.cz\/wp-content\/uploads\/2022\/12\/cropped-ti-v2.png\",\"contentUrl\":\"https:\/\/terezinskainiciativa.cz\/wp-content\/uploads\/2022\/12\/cropped-ti-v2.png\",\"width\":242,\"height\":71,\"caption\":\"Terez\u00ednsk\u00e1 iniciativa\"},\"image\":{\"@id\":\"https:\/\/terezinskainiciativa.cz\/#\/schema\/logo\/image\/\"}}]}<\/script>\n<!-- \/ Yoast SEO plugin. -->","yoast_head_json":{"title":"Tryzna - Terez\u00ednsk\u00e1 iniciativa","robots":{"index":"index","follow":"follow","max-snippet":"max-snippet:-1","max-image-preview":"max-image-preview:large","max-video-preview":"max-video-preview:-1"},"canonical":"https:\/\/terezinskainiciativa.cz\/en\/event\/tryzna\/","og_locale":"en_US","og_type":"article","og_title":"Tryzna - Terez\u00ednsk\u00e1 iniciativa","og_url":"https:\/\/terezinskainiciativa.cz\/en\/event\/tryzna\/","og_site_name":"Terez\u00ednsk\u00e1 iniciativa","article_modified_time":"2024-02-25T17:24:36+00:00","og_image":[{"url":"https:\/\/terezinskainiciativa.cz\/wp-content\/uploads\/2024\/02\/TI0803-300x169.png"}],"twitter_card":"summary_large_image","twitter_misc":{"Est. reading time":"1 minute"},"schema":{"@context":"https:\/\/schema.org","@graph":[{"@type":"WebPage","@id":"https:\/\/terezinskainiciativa.cz\/event\/tryzna\/","url":"https:\/\/terezinskainiciativa.cz\/event\/tryzna\/","name":"Tryzna - Terez\u00ednsk\u00e1 iniciativa","isPartOf":{"@id":"https:\/\/terezinskainiciativa.cz\/#website"},"datePublished":"2023-02-01T17:13:25+00:00","dateModified":"2024-02-25T17:24:36+00:00","breadcrumb":{"@id":"https:\/\/terezinskainiciativa.cz\/event\/tryzna\/#breadcrumb"},"inLanguage":"en-US","potentialAction":[{"@type":"ReadAction","target":["https:\/\/terezinskainiciativa.cz\/event\/tryzna\/"]}]},{"@type":"BreadcrumbList","@id":"https:\/\/terezinskainiciativa.cz\/event\/tryzna\/#breadcrumb","itemListElement":[{"@type":"ListItem","position":1,"name":"Dom\u016f","item":"https:\/\/terezinskainiciativa.cz\/"},{"@type":"ListItem","position":2,"name":"Akce","item":"https:\/\/terezinskainiciativa.cz\/events\/"},{"@type":"ListItem","position":3,"name":"Tryzna"}]},{"@type":"WebSite","@id":"https:\/\/terezinskainiciativa.cz\/#website","url":"https:\/\/terezinskainiciativa.cz\/","name":"Terez\u00ednsk\u00e1 iniciativa","description":"TI je sdru\u017een\u00ed b\u00fdval\u00fdch v\u011bz\u0148\u016f terez\u00ednsk\u00e9ho ghetta a jejich p\u0159\u00edm\u00fdch potomk\u016f","publisher":{"@id":"https:\/\/terezinskainiciativa.cz\/#organization"},"potentialAction":[{"@type":"SearchAction","target":{"@type":"EntryPoint","urlTemplate":"https:\/\/terezinskainiciativa.cz\/?s={search_term_string}"},"query-input":"required name=search_term_string"}],"inLanguage":"en-US"},{"@type":"Organization","@id":"https:\/\/terezinskainiciativa.cz\/#organization","name":"Terez\u00ednsk\u00e1 iniciativa","url":"https:\/\/terezinskainiciativa.cz\/","logo":{"@type":"ImageObject","inLanguage":"en-US","@id":"https:\/\/terezinskainiciativa.cz\/#\/schema\/logo\/image\/","url":"https:\/\/terezinskainiciativa.cz\/wp-content\/uploads\/2022\/12\/cropped-ti-v2.png","contentUrl":"https:\/\/terezinskainiciativa.cz\/wp-content\/uploads\/2022\/12\/cropped-ti-v2.png","width":242,"height":71,"caption":"Terez\u00ednsk\u00e1 iniciativa"},"image":{"@id":"https:\/\/terezinskainiciativa.cz\/#\/schema\/logo\/image\/"}}]}},"_links":{"self":[{"href":"https:\/\/terezinskainiciativa.cz\/en\/wp-json\/wp\/v2\/tribe_events\/325"}],"collection":[{"href":"https:\/\/terezinskainiciativa.cz\/en\/wp-json\/wp\/v2\/tribe_events"}],"about":[{"href":"https:\/\/terezinskainiciativa.cz\/en\/wp-json\/wp\/v2\/types\/tribe_events"}],"author":[{"embeddable":true,"href":"https:\/\/terezinskainiciativa.cz\/en\/wp-json\/wp\/v2\/users\/1"}],"replies":[{"embeddable":true,"href":"https:\/\/terezinskainiciativa.cz\/en\/wp-json\/wp\/v2\/comments?post=325"}],"version-history":[{"count":3,"href":"https:\/\/terezinskainiciativa.cz\/en\/wp-json\/wp\/v2\/tribe_events\/325\/revisions"}],"predecessor-version":[{"id":798,"href":"https:\/\/terezinskainiciativa.cz\/en\/wp-json\/wp\/v2\/tribe_events\/325\/revisions\/798"}],"wp:attachment":[{"href":"https:\/\/terezinskainiciativa.cz\/en\/wp-json\/wp\/v2\/media?parent=325"}],"wp:term":[{"taxonomy":"post_tag","embeddable":true,"href":"https:\/\/terezinskainiciativa.cz\/en\/wp-json\/wp\/v2\/tags?post=325"},{"taxonomy":"tribe_events_cat","embeddable":true,"href":"https:\/\/terezinskainiciativa.cz\/en\/wp-json\/wp\/v2\/tribe_events_cat?post=325"}],"curies":[{"name":"wp","href":"https:\/\/api.w.org\/{rel}","templated":true}]}}

<!-- This site is optimized with the Yoast SEO plugin v21.9.1 - https://yoast.com/wordpress/plugins/seo/ -->
<title>Tryzna - Terezínská iniciativa</title>
<meta name="robots" content="index, follow, max-snippet:-1, max-image-preview:large, max-video-preview:-1" />
<link rel="canonical" href="https://terezinskainiciativa.cz/en/event/tryzna/" />
<meta property="og:locale" content="en_US" />
<meta property="og:type" content="article" />
<meta property="og:title" content="Tryzna - Terezínská iniciativa" />
<meta property="og:url" content="https://terezinskainiciativa.cz/en/event/tryzna/" />
<meta property="og:site_name" content="Terezínská iniciativa" />
<meta property="article:modified_time" content="2024-02-25T17:24:36+00:00" />
<meta property="og:image" content="https://terezinskainiciativa.cz/wp-content/uploads/2024/02/TI0803-300x169.png" />
<meta name="twitter:card" content="summary_large_image" />
<meta name="twitter:label1" content="Est. reading time" />
	<meta name="twitter:data1" content="1 minute" />
<script type="application/ld+json" class="yoast-schema-graph">{"@context":"https://schema.org","@graph":[{"@type":"WebPage","@id":"https://terezinskainiciativa.cz/event/tryzna/","url":"https://terezinskainiciativa.cz/event/tryzna/","name":"Tryzna - Terezínská iniciativa","isPartOf":{"@id":"https://terezinskainiciativa.cz/#website"},"datePublished":"2023-02-01T17:13:25+00:00","dateModified":"2024-02-25T17:24:36+00:00","breadcrumb":{"@id":"https://terezinskainiciativa.cz/event/tryzna/#breadcrumb"},"inLanguage":"en-US","potentialAction":[{"@type":"ReadAction","target":["https://terezinskainiciativa.cz/event/tryzna/"]}]},{"@type":"BreadcrumbList","@id":"https://terezinskainiciativa.cz/event/tryzna/#breadcrumb","itemListElement":[{"@type":"ListItem","position":1,"name":"Domů","item":"https://terezinskainiciativa.cz/"},{"@type":"ListItem","position":2,"name":"Akce","item":"https://terezinskainiciativa.cz/events/"},{"@type":"ListItem","position":3,"name":"Tryzna"}]},{"@type":"WebSite","@id":"https://terezinskainiciativa.cz/#website","url":"https://terezinskainiciativa.cz/","name":"Terezínská iniciativa","description":"TI je sdružení bývalých vězňů terezínského ghetta a jejich přímých potomků","publisher":{"@id":"https://terezinskainiciativa.cz/#organization"},"potentialAction":[{"@type":"SearchAction","target":{"@type":"EntryPoint","urlTemplate":"https://terezinskainiciativa.cz/?s={search_term_string}"},"query-input":"required name=search_term_string"}],"inLanguage":"en-US"},{"@type":"Organization","@id":"https://terezinskainiciativa.cz/#organization","name":"Terezínská iniciativa","url":"https://terezinskainiciativa.cz/","logo":{"@type":"ImageObject","inLanguage":"en-US","@id":"https://terezinskainiciativa.cz/#/schema/logo/image/","url":"https://terezinskainiciativa.cz/wp-content/uploads/2022/12/cropped-ti-v2.png","contentUrl":"https://terezinskainiciativa.cz/wp-content/uploads/2022/12/cropped-ti-v2.png","width":242,"height":71,"caption":"Terezínská iniciativa"},"image":{"@id":"https://terezinskainiciativa.cz/#/schema/logo/image/"}}]}</script>
<!-- / Yoast SEO plugin. -->

Tryzna - Terezínská iniciativa

Terezínská iniciativa

Domů

TI je sdružení bývalých vězňů terezínského ghetta a jejich přímých potomků
