{"id":367,"date":"2023-03-01T18:47:21","date_gmt":"2023-03-01T17:47:21","guid":{"rendered":"http:\/\/terezinskainiciativa.cz\/?post_type=tribe_events&#038;p=367"},"modified":"2023-04-21T16:56:12","modified_gmt":"2023-04-21T14:56:12","slug":"koncert-akademie-vf","status":"publish","type":"tribe_events","link":"https:\/\/terezinskainiciativa.cz\/en\/event\/koncert-akademie-vf\/","title":{"rendered":"Koncert Akademie V\u00edde\u0148sk\u00fdch filharmonik\u016f"},"content":{"rendered":"<p>Vzpom\u00ednkov\u00fd koncert akademie jednoho z nejzn\u00e1m\u011bj\u0161\u00edch sv\u011btov\u00fdch t\u011bles v\u00e1\u017en\u00e9 hudby na po\u010dest tragick\u00e9ho osudu 16 \u010dlen\u016f orchestru V\u00edde\u0148sk\u00fdch filharmonik\u016f, kte\u0159\u00ed se stali b\u011bhem 2. sv\u011btov\u00e9 v\u00e1lky ob\u011bt\u00ed nacistick\u00e9 perzekuce. T\u0159i z nich byli v\u011bzn\u011bni v terez\u00ednsk\u00e9m ghettu, jeden z nich v zde zem\u0159el, dal\u0161\u00ed dva byli zavra\u017ed\u011bni v Osv\u011btimi.<\/p>\n<p>AKCE POUZE PRO ZVAN\u00c9.<\/p>\n","protected":false},"excerpt":{"rendered":"<p>Vzpom\u00ednkov\u00fd koncert akademie jednoho z nejzn\u00e1m\u011bj\u0161\u00edch sv\u011btov\u00fdch t\u011bles v\u00e1\u017en\u00e9 hudby na po\u010dest tragick\u00e9ho osudu 16 \u010dlen\u016f orchestru V\u00edde\u0148sk\u00fdch filharmonik\u016f, kte\u0159\u00ed se stali b\u011bhem 2. sv\u011btov\u00e9 v\u00e1lky ob\u011bt\u00ed nacistick\u00e9 perzekuce. T\u0159i [&hellip;]<\/p>\n","protected":false},"author":1,"featured_media":0,"comment_status":"open","ping_status":"closed","template":"","meta":{"_tribe_events_status":"","_tribe_events_status_reason":"","footnotes":""},"tags":[],"tribe_events_cat":[8],"class_list":["post-367","tribe_events","type-tribe_events","status-publish","hentry","tribe_events_cat-pamatnik-terezin","cat_pamatnik-terezin"],"yoast_head":"<!-- This site is optimized with the Yoast SEO plugin v21.9.1 - https:\/\/yoast.com\/wordpress\/plugins\/seo\/ -->\n<title>Koncert Akademie V\u00edde\u0148sk\u00fdch filharmonik\u016f - Terez\u00ednsk\u00e1 iniciativa<\/title>\n<meta name=\"robots\" content=\"index, follow, max-snippet:-1, max-image-preview:large, max-video-preview:-1\" \/>\n<link rel=\"canonical\" href=\"https:\/\/terezinskainiciativa.cz\/en\/event\/koncert-akademie-vf\/\" \/>\n<meta property=\"og:locale\" content=\"en_US\" \/>\n<meta property=\"og:type\" content=\"article\" \/>\n<meta property=\"og:title\" content=\"Koncert Akademie V\u00edde\u0148sk\u00fdch filharmonik\u016f - Terez\u00ednsk\u00e1 iniciativa\" \/>\n<meta property=\"og:description\" content=\"Vzpom\u00ednkov\u00fd koncert akademie jednoho z nejzn\u00e1m\u011bj\u0161\u00edch sv\u011btov\u00fdch t\u011bles v\u00e1\u017en\u00e9 hudby na po\u010dest tragick\u00e9ho osudu 16 \u010dlen\u016f orchestru V\u00edde\u0148sk\u00fdch filharmonik\u016f, kte\u0159\u00ed se stali b\u011bhem 2. sv\u011btov\u00e9 v\u00e1lky ob\u011bt\u00ed nacistick\u00e9 perzekuce. T\u0159i [&hellip;]\" \/>\n<meta property=\"og:url\" content=\"https:\/\/terezinskainiciativa.cz\/en\/event\/koncert-akademie-vf\/\" \/>\n<meta property=\"og:site_name\" content=\"Terez\u00ednsk\u00e1 iniciativa\" \/>\n<meta property=\"article:modified_time\" content=\"2023-04-21T14:56:12+00:00\" \/>\n<meta property=\"og:image\" content=\"https:\/\/terezinskainiciativa.cz\/wp-content\/uploads\/2022\/12\/cropped-ti-v2.png\" \/>\n\t<meta property=\"og:image:width\" content=\"242\" \/>\n\t<meta property=\"og:image:height\" content=\"71\" \/>\n\t<meta property=\"og:image:type\" content=\"image\/png\" \/>\n<meta name=\"twitter:card\" content=\"summary_large_image\" \/>\n<script type=\"application\/ld+json\" class=\"yoast-schema-graph\">{\"@context\":\"https:\/\/schema.org\",\"@graph\":[{\"@type\":\"WebPage\",\"@id\":\"https:\/\/terezinskainiciativa.cz\/event\/koncert-akademie-vf\/\",\"url\":\"https:\/\/terezinskainiciativa.cz\/event\/koncert-akademie-vf\/\",\"name\":\"Koncert Akademie V\u00edde\u0148sk\u00fdch filharmonik\u016f - Terez\u00ednsk\u00e1 iniciativa\",\"isPartOf\":{\"@id\":\"https:\/\/terezinskainiciativa.cz\/#website\"},\"datePublished\":\"2023-03-01T17:47:21+00:00\",\"dateModified\":\"2023-04-21T14:56:12+00:00\",\"breadcrumb\":{\"@id\":\"https:\/\/terezinskainiciativa.cz\/event\/koncert-akademie-vf\/#breadcrumb\"},\"inLanguage\":\"en-US\",\"potentialAction\":[{\"@type\":\"ReadAction\",\"target\":[\"https:\/\/terezinskainiciativa.cz\/event\/koncert-akademie-vf\/\"]}]},{\"@type\":\"BreadcrumbList\",\"@id\":\"https:\/\/terezinskainiciativa.cz\/event\/koncert-akademie-vf\/#breadcrumb\",\"itemListElement\":[{\"@type\":\"ListItem\",\"position\":1,\"name\":\"Dom\u016f\",\"item\":\"https:\/\/terezinskainiciativa.cz\/\"},{\"@type\":\"ListItem\",\"position\":2,\"name\":\"Akce\",\"item\":\"https:\/\/terezinskainiciativa.cz\/events\/\"},{\"@type\":\"ListItem\",\"position\":3,\"name\":\"Koncert Akademie V\u00edde\u0148sk\u00fdch filharmonik\u016f\"}]},{\"@type\":\"WebSite\",\"@id\":\"https:\/\/terezinskainiciativa.cz\/#website\",\"url\":\"https:\/\/terezinskainiciativa.cz\/\",\"name\":\"Terez\u00ednsk\u00e1 iniciativa\",\"description\":\"TI je sdru\u017een\u00ed b\u00fdval\u00fdch v\u011bz\u0148\u016f terez\u00ednsk\u00e9ho ghetta a jejich p\u0159\u00edm\u00fdch potomk\u016f\",\"publisher\":{\"@id\":\"https:\/\/terezinskainiciativa.cz\/#organization\"},\"potentialAction\":[{\"@type\":\"SearchAction\",\"target\":{\"@type\":\"EntryPoint\",\"urlTemplate\":\"https:\/\/terezinskainiciativa.cz\/?s={search_term_string}\"},\"query-input\":\"required name=search_term_string\"}],\"inLanguage\":\"en-US\"},{\"@type\":\"Organization\",\"@id\":\"https:\/\/terezinskainiciativa.cz\/#organization\",\"name\":\"Terez\u00ednsk\u00e1 iniciativa\",\"url\":\"https:\/\/terezinskainiciativa.cz\/\",\"logo\":{\"@type\":\"ImageObject\",\"inLanguage\":\"en-US\",\"@id\":\"https:\/\/terezinskainiciativa.cz\/#\/schema\/logo\/image\/\",\"url\":\"https:\/\/terezinskainiciativa.cz\/wp-content\/uploads\/2022\/12\/cropped-ti-v2.png\",\"contentUrl\":\"https:\/\/terezinskainiciativa.cz\/wp-content\/uploads\/2022\/12\/cropped-ti-v2.png\",\"width\":242,\"height\":71,\"caption\":\"Terez\u00ednsk\u00e1 iniciativa\"},\"image\":{\"@id\":\"https:\/\/terezinskainiciativa.cz\/#\/schema\/logo\/image\/\"}}]}<\/script>\n<!-- \/ Yoast SEO plugin. -->","yoast_head_json":{"title":"Koncert Akademie V\u00edde\u0148sk\u00fdch filharmonik\u016f - Terez\u00ednsk\u00e1 iniciativa","robots":{"index":"index","follow":"follow","max-snippet":"max-snippet:-1","max-image-preview":"max-image-preview:large","max-video-preview":"max-video-preview:-1"},"canonical":"https:\/\/terezinskainiciativa.cz\/en\/event\/koncert-akademie-vf\/","og_locale":"en_US","og_type":"article","og_title":"Koncert Akademie V\u00edde\u0148sk\u00fdch filharmonik\u016f - Terez\u00ednsk\u00e1 iniciativa","og_description":"Vzpom\u00ednkov\u00fd koncert akademie jednoho z nejzn\u00e1m\u011bj\u0161\u00edch sv\u011btov\u00fdch t\u011bles v\u00e1\u017en\u00e9 hudby na po\u010dest tragick\u00e9ho osudu 16 \u010dlen\u016f orchestru V\u00edde\u0148sk\u00fdch filharmonik\u016f, kte\u0159\u00ed se stali b\u011bhem 2. sv\u011btov\u00e9 v\u00e1lky ob\u011bt\u00ed nacistick\u00e9 perzekuce. T\u0159i [&hellip;]","og_url":"https:\/\/terezinskainiciativa.cz\/en\/event\/koncert-akademie-vf\/","og_site_name":"Terez\u00ednsk\u00e1 iniciativa","article_modified_time":"2023-04-21T14:56:12+00:00","og_image":[{"width":242,"height":71,"url":"https:\/\/terezinskainiciativa.cz\/wp-content\/uploads\/2022\/12\/cropped-ti-v2.png","type":"image\/png"}],"twitter_card":"summary_large_image","schema":{"@context":"https:\/\/schema.org","@graph":[{"@type":"WebPage","@id":"https:\/\/terezinskainiciativa.cz\/event\/koncert-akademie-vf\/","url":"https:\/\/terezinskainiciativa.cz\/event\/koncert-akademie-vf\/","name":"Koncert Akademie V\u00edde\u0148sk\u00fdch filharmonik\u016f - Terez\u00ednsk\u00e1 iniciativa","isPartOf":{"@id":"https:\/\/terezinskainiciativa.cz\/#website"},"datePublished":"2023-03-01T17:47:21+00:00","dateModified":"2023-04-21T14:56:12+00:00","breadcrumb":{"@id":"https:\/\/terezinskainiciativa.cz\/event\/koncert-akademie-vf\/#breadcrumb"},"inLanguage":"en-US","potentialAction":[{"@type":"ReadAction","target":["https:\/\/terezinskainiciativa.cz\/event\/koncert-akademie-vf\/"]}]},{"@type":"BreadcrumbList","@id":"https:\/\/terezinskainiciativa.cz\/event\/koncert-akademie-vf\/#breadcrumb","itemListElement":[{"@type":"ListItem","position":1,"name":"Dom\u016f","item":"https:\/\/terezinskainiciativa.cz\/"},{"@type":"ListItem","position":2,"name":"Akce","item":"https:\/\/terezinskainiciativa.cz\/events\/"},{"@type":"ListItem","position":3,"name":"Koncert Akademie V\u00edde\u0148sk\u00fdch filharmonik\u016f"}]},{"@type":"WebSite","@id":"https:\/\/terezinskainiciativa.cz\/#website","url":"https:\/\/terezinskainiciativa.cz\/","name":"Terez\u00ednsk\u00e1 iniciativa","description":"TI je sdru\u017een\u00ed b\u00fdval\u00fdch v\u011bz\u0148\u016f terez\u00ednsk\u00e9ho ghetta a jejich p\u0159\u00edm\u00fdch potomk\u016f","publisher":{"@id":"https:\/\/terezinskainiciativa.cz\/#organization"},"potentialAction":[{"@type":"SearchAction","target":{"@type":"EntryPoint","urlTemplate":"https:\/\/terezinskainiciativa.cz\/?s={search_term_string}"},"query-input":"required name=search_term_string"}],"inLanguage":"en-US"},{"@type":"Organization","@id":"https:\/\/terezinskainiciativa.cz\/#organization","name":"Terez\u00ednsk\u00e1 iniciativa","url":"https:\/\/terezinskainiciativa.cz\/","logo":{"@type":"ImageObject","inLanguage":"en-US","@id":"https:\/\/terezinskainiciativa.cz\/#\/schema\/logo\/image\/","url":"https:\/\/terezinskainiciativa.cz\/wp-content\/uploads\/2022\/12\/cropped-ti-v2.png","contentUrl":"https:\/\/terezinskainiciativa.cz\/wp-content\/uploads\/2022\/12\/cropped-ti-v2.png","width":242,"height":71,"caption":"Terez\u00ednsk\u00e1 iniciativa"},"image":{"@id":"https:\/\/terezinskainiciativa.cz\/#\/schema\/logo\/image\/"}}]}},"_links":{"self":[{"href":"https:\/\/terezinskainiciativa.cz\/en\/wp-json\/wp\/v2\/tribe_events\/367"}],"collection":[{"href":"https:\/\/terezinskainiciativa.cz\/en\/wp-json\/wp\/v2\/tribe_events"}],"about":[{"href":"https:\/\/terezinskainiciativa.cz\/en\/wp-json\/wp\/v2\/types\/tribe_events"}],"author":[{"embeddable":true,"href":"https:\/\/terezinskainiciativa.cz\/en\/wp-json\/wp\/v2\/users\/1"}],"replies":[{"embeddable":true,"href":"https:\/\/terezinskainiciativa.cz\/en\/wp-json\/wp\/v2\/comments?post=367"}],"version-history":[{"count":1,"href":"https:\/\/terezinskainiciativa.cz\/en\/wp-json\/wp\/v2\/tribe_events\/367\/revisions"}],"predecessor-version":[{"id":368,"href":"https:\/\/terezinskainiciativa.cz\/en\/wp-json\/wp\/v2\/tribe_events\/367\/revisions\/368"}],"wp:attachment":[{"href":"https:\/\/terezinskainiciativa.cz\/en\/wp-json\/wp\/v2\/media?parent=367"}],"wp:term":[{"taxonomy":"post_tag","embeddable":true,"href":"https:\/\/terezinskainiciativa.cz\/en\/wp-json\/wp\/v2\/tags?post=367"},{"taxonomy":"tribe_events_cat","embeddable":true,"href":"https:\/\/terezinskainiciativa.cz\/en\/wp-json\/wp\/v2\/tribe_events_cat?post=367"}],"curies":[{"name":"wp","href":"https:\/\/api.w.org\/{rel}","templated":true}]}}

Koncert Akademie Vídeňských filharmoniků

<p>Vzpomínkový koncert akademie jednoho z nejznámějších světových těles vážné hudby na počest tragického osudu 16 členů orchestru Vídeňských filharmoniků, kteří se stali během 2. světové války obětí nacistické perzekuce. Tři z nich byli vězněni v terezínském ghettu, jeden z nich v zde zemřel, další dva byli zavražděni v Osvětimi.</p>
<p>AKCE POUZE PRO ZVANÉ.</p>

<p>Vzpomínkový koncert akademie jednoho z nejznámějších světových těles vážné hudby na počest tragického osudu 16 členů orchestru Vídeňských filharmoniků, kteří se stali během 2. světové války obětí nacistické perzekuce. Tři [&hellip;]</p>

<!-- This site is optimized with the Yoast SEO plugin v21.9.1 - https://yoast.com/wordpress/plugins/seo/ -->
<title>Koncert Akademie Vídeňských filharmoniků - Terezínská iniciativa</title>
<meta name="robots" content="index, follow, max-snippet:-1, max-image-preview:large, max-video-preview:-1" />
<link rel="canonical" href="https://terezinskainiciativa.cz/en/event/koncert-akademie-vf/" />
<meta property="og:locale" content="en_US" />
<meta property="og:type" content="article" />
<meta property="og:title" content="Koncert Akademie Vídeňských filharmoniků - Terezínská iniciativa" />
<meta property="og:description" content="Vzpomínkový koncert akademie jednoho z nejznámějších světových těles vážné hudby na počest tragického osudu 16 členů orchestru Vídeňských filharmoniků, kteří se stali během 2. světové války obětí nacistické perzekuce. Tři [&hellip;]" />
<meta property="og:url" content="https://terezinskainiciativa.cz/en/event/koncert-akademie-vf/" />
<meta property="og:site_name" content="Terezínská iniciativa" />
<meta property="article:modified_time" content="2023-04-21T14:56:12+00:00" />
<meta property="og:image" content="https://terezinskainiciativa.cz/wp-content/uploads/2022/12/cropped-ti-v2.png" />
	<meta property="og:image:width" content="242" />
	<meta property="og:image:height" content="71" />
	<meta property="og:image:type" content="image/png" />
<meta name="twitter:card" content="summary_large_image" />
<script type="application/ld+json" class="yoast-schema-graph">{"@context":"https://schema.org","@graph":[{"@type":"WebPage","@id":"https://terezinskainiciativa.cz/event/koncert-akademie-vf/","url":"https://terezinskainiciativa.cz/event/koncert-akademie-vf/","name":"Koncert Akademie Vídeňských filharmoniků - Terezínská iniciativa","isPartOf":{"@id":"https://terezinskainiciativa.cz/#website"},"datePublished":"2023-03-01T17:47:21+00:00","dateModified":"2023-04-21T14:56:12+00:00","breadcrumb":{"@id":"https://terezinskainiciativa.cz/event/koncert-akademie-vf/#breadcrumb"},"inLanguage":"en-US","potentialAction":[{"@type":"ReadAction","target":["https://terezinskainiciativa.cz/event/koncert-akademie-vf/"]}]},{"@type":"BreadcrumbList","@id":"https://terezinskainiciativa.cz/event/koncert-akademie-vf/#breadcrumb","itemListElement":[{"@type":"ListItem","position":1,"name":"Domů","item":"https://terezinskainiciativa.cz/"},{"@type":"ListItem","position":2,"name":"Akce","item":"https://terezinskainiciativa.cz/events/"},{"@type":"ListItem","position":3,"name":"Koncert Akademie Vídeňských filharmoniků"}]},{"@type":"WebSite","@id":"https://terezinskainiciativa.cz/#website","url":"https://terezinskainiciativa.cz/","name":"Terezínská iniciativa","description":"TI je sdružení bývalých vězňů terezínského ghetta a jejich přímých potomků","publisher":{"@id":"https://terezinskainiciativa.cz/#organization"},"potentialAction":[{"@type":"SearchAction","target":{"@type":"EntryPoint","urlTemplate":"https://terezinskainiciativa.cz/?s={search_term_string}"},"query-input":"required name=search_term_string"}],"inLanguage":"en-US"},{"@type":"Organization","@id":"https://terezinskainiciativa.cz/#organization","name":"Terezínská iniciativa","url":"https://terezinskainiciativa.cz/","logo":{"@type":"ImageObject","inLanguage":"en-US","@id":"https://terezinskainiciativa.cz/#/schema/logo/image/","url":"https://terezinskainiciativa.cz/wp-content/uploads/2022/12/cropped-ti-v2.png","contentUrl":"https://terezinskainiciativa.cz/wp-content/uploads/2022/12/cropped-ti-v2.png","width":242,"height":71,"caption":"Terezínská iniciativa"},"image":{"@id":"https://terezinskainiciativa.cz/#/schema/logo/image/"}}]}</script>
<!-- / Yoast SEO plugin. -->

Koncert Akademie Vídeňských filharmoniků - Terezínská iniciativa

Vzpomínkový koncert akademie jednoho z nejznámějších světových těles vážné hudby na počest tragického osudu 16 členů orchestru Vídeňských filharmoniků, kteří se stali během 2. světové války obětí nacistické perzekuce. Tři [&hellip;]

Terezínská iniciativa

Domů

TI je sdružení bývalých vězňů terezínského ghetta a jejich přímých potomků
