{"id":385,"date":"2023-03-01T19:21:53","date_gmt":"2023-03-01T18:21:53","guid":{"rendered":"http:\/\/terezinskainiciativa.cz\/?post_type=tribe_events&#038;p=385"},"modified":"2023-06-24T16:04:27","modified_gmt":"2023-06-24T14:04:27","slug":"posledni-motyl","status":"publish","type":"tribe_events","link":"https:\/\/terezinskainiciativa.cz\/en\/event\/posledni-motyl\/","title":{"rendered":"Filmov\u00fd festival ZA HRADBY: Posledn\u00ed mot\u00fdl"},"content":{"rendered":"<p>Ve\u0159ejn\u00e9 prom\u00edt\u00e1n\u00ed filmu z roku 1990, za\u010d\u00e1tek v <strong>8:30<\/strong>, <strong>11:00 <\/strong>(pro \u0161koly) a<strong> 17:00 <\/strong>(pro ve\u0159ejnost). Film trv\u00e1 109 minut, na za\u010d\u00e1tku zazn\u00ed cca 15-ti minutov\u00e9 \u00favodn\u00ed slovo. Vstup ZDARMA.<\/p>\n<p>Film re\u017eis\u00e9ra Karla Kachyni, nato\u010den\u00fd v mezin\u00e1rodn\u00ed koprodukci (hlavn\u00ed roli zt\u011blesnil Tom Courtenay), se pokusil vyl\u00ed\u010dit s\u00edlu sv\u011bdom\u00ed: ani n\u00e1tlak a hrozby nep\u0159im\u011bj\u00ed \u010destn\u00e9ho um\u011blce, aby se zpronev\u011b\u0159il sv\u00fdm z\u00e1sad\u00e1m. Pantomimick\u00e9 kreace vedl Boris Hybner.<\/p>\n<p>Pa\u0159\u00ed\u017e, druh\u00e1 sv\u011btov\u00e1 v\u00e1lka. Francouzsk\u00fd mim Antoine Moreau je zat\u010den gestapem. Jeho milenka spolupracovala s protinacistick\u00fdm odbojem, \u010deho\u017e cht\u011bj\u00ed jednotky SS vyu\u017e\u00edt k tomu, aby se v \u017eidovsk\u00e9m ghettu pod\u00edlel na krut\u00e9 komedii. Dostane za \u00fakol p\u0159ipravit d\u011btsk\u00e9 divadeln\u00ed p\u0159edstaven\u00ed, kter\u00e9 by inspek\u010dn\u00ed delegaci Mezin\u00e1rodn\u00edho \u010derven\u00e9ho k\u0159\u00ed\u017ee p\u0159esv\u011bd\u010dilo o spokojenosti a \u0161t\u011bst\u00ed \u017eivota v ghettu. Moreau se v\u0161ak dok\u00e1\u017ee vzep\u0159\u00edt nechutn\u00e9 objedn\u00e1vce a pojme inscenovanou hru O pern\u00edkov\u00e9 chaloupce jako podobenstv\u00ed o skute\u010dnosti, je\u017e m\u011bla b\u00fdt utajena.<\/p>\n<p><img loading=\"lazy\" decoding=\"async\" class=\"alignnone  wp-image-627\" src=\"https:\/\/terezinskainiciativa.cz\/wp-content\/uploads\/2023\/06\/Plakat_Posledni_motyl-300x213.jpg\" alt=\"\" width=\"750\" height=\"533\" srcset=\"https:\/\/terezinskainiciativa.cz\/wp-content\/uploads\/2023\/06\/Plakat_Posledni_motyl-300x213.jpg 300w, https:\/\/terezinskainiciativa.cz\/wp-content\/uploads\/2023\/06\/Plakat_Posledni_motyl-1024x726.jpg 1024w, https:\/\/terezinskainiciativa.cz\/wp-content\/uploads\/2023\/06\/Plakat_Posledni_motyl-768x545.jpg 768w, https:\/\/terezinskainiciativa.cz\/wp-content\/uploads\/2023\/06\/Plakat_Posledni_motyl-1536x1090.jpg 1536w, https:\/\/terezinskainiciativa.cz\/wp-content\/uploads\/2023\/06\/Plakat_Posledni_motyl-2048x1453.jpg 2048w, https:\/\/terezinskainiciativa.cz\/wp-content\/uploads\/2023\/06\/Plakat_Posledni_motyl-1200x851.jpg 1200w, https:\/\/terezinskainiciativa.cz\/wp-content\/uploads\/2023\/06\/Plakat_Posledni_motyl-1980x1404.jpg 1980w\" sizes=\"(max-width: 750px) 100vw, 750px\" \/><\/p>\n","protected":false},"excerpt":{"rendered":"<p>Ve\u0159ejn\u00e9 prom\u00edt\u00e1n\u00ed filmu z roku 1990, za\u010d\u00e1tek v 8:30, 11:00 (pro \u0161koly) a 17:00 (pro ve\u0159ejnost). Film trv\u00e1 109 minut, na za\u010d\u00e1tku zazn\u00ed cca 15-ti minutov\u00e9 \u00favodn\u00ed slovo. Vstup ZDARMA. [&hellip;]<\/p>\n","protected":false},"author":1,"featured_media":0,"comment_status":"open","ping_status":"closed","template":"","meta":{"_tribe_events_status":"","_tribe_events_status_reason":"","footnotes":""},"tags":[],"tribe_events_cat":[12],"class_list":["post-385","tribe_events","type-tribe_events","status-publish","hentry","tribe_events_cat-za-hradby","cat_za-hradby"],"yoast_head":"<!-- This site is optimized with the Yoast SEO plugin v21.9.1 - https:\/\/yoast.com\/wordpress\/plugins\/seo\/ -->\n<title>Filmov\u00fd festival ZA HRADBY: Posledn\u00ed mot\u00fdl - Terez\u00ednsk\u00e1 iniciativa<\/title>\n<meta name=\"robots\" content=\"index, follow, max-snippet:-1, max-image-preview:large, max-video-preview:-1\" \/>\n<link rel=\"canonical\" href=\"https:\/\/terezinskainiciativa.cz\/en\/event\/posledni-motyl\/\" \/>\n<meta property=\"og:locale\" content=\"en_US\" \/>\n<meta property=\"og:type\" content=\"article\" \/>\n<meta property=\"og:title\" content=\"Filmov\u00fd festival ZA HRADBY: Posledn\u00ed mot\u00fdl - Terez\u00ednsk\u00e1 iniciativa\" \/>\n<meta property=\"og:description\" content=\"Ve\u0159ejn\u00e9 prom\u00edt\u00e1n\u00ed filmu z roku 1990, za\u010d\u00e1tek v 8:30, 11:00 (pro \u0161koly) a 17:00 (pro ve\u0159ejnost). Film trv\u00e1 109 minut, na za\u010d\u00e1tku zazn\u00ed cca 15-ti minutov\u00e9 \u00favodn\u00ed slovo. Vstup ZDARMA. [&hellip;]\" \/>\n<meta property=\"og:url\" content=\"https:\/\/terezinskainiciativa.cz\/en\/event\/posledni-motyl\/\" \/>\n<meta property=\"og:site_name\" content=\"Terez\u00ednsk\u00e1 iniciativa\" \/>\n<meta property=\"article:modified_time\" content=\"2023-06-24T14:04:27+00:00\" \/>\n<meta property=\"og:image\" content=\"https:\/\/terezinskainiciativa.cz\/wp-content\/uploads\/2023\/06\/Plakat_Posledni_motyl-300x213.jpg\" \/>\n<meta name=\"twitter:card\" content=\"summary_large_image\" \/>\n<meta name=\"twitter:label1\" content=\"Est. reading time\" \/>\n\t<meta name=\"twitter:data1\" content=\"1 minute\" \/>\n<script type=\"application\/ld+json\" class=\"yoast-schema-graph\">{\"@context\":\"https:\/\/schema.org\",\"@graph\":[{\"@type\":\"WebPage\",\"@id\":\"https:\/\/terezinskainiciativa.cz\/event\/posledni-motyl\/\",\"url\":\"https:\/\/terezinskainiciativa.cz\/event\/posledni-motyl\/\",\"name\":\"Filmov\u00fd festival ZA HRADBY: Posledn\u00ed mot\u00fdl - Terez\u00ednsk\u00e1 iniciativa\",\"isPartOf\":{\"@id\":\"https:\/\/terezinskainiciativa.cz\/#website\"},\"datePublished\":\"2023-03-01T18:21:53+00:00\",\"dateModified\":\"2023-06-24T14:04:27+00:00\",\"breadcrumb\":{\"@id\":\"https:\/\/terezinskainiciativa.cz\/event\/posledni-motyl\/#breadcrumb\"},\"inLanguage\":\"en-US\",\"potentialAction\":[{\"@type\":\"ReadAction\",\"target\":[\"https:\/\/terezinskainiciativa.cz\/event\/posledni-motyl\/\"]}]},{\"@type\":\"BreadcrumbList\",\"@id\":\"https:\/\/terezinskainiciativa.cz\/event\/posledni-motyl\/#breadcrumb\",\"itemListElement\":[{\"@type\":\"ListItem\",\"position\":1,\"name\":\"Dom\u016f\",\"item\":\"https:\/\/terezinskainiciativa.cz\/\"},{\"@type\":\"ListItem\",\"position\":2,\"name\":\"Akce\",\"item\":\"https:\/\/terezinskainiciativa.cz\/events\/\"},{\"@type\":\"ListItem\",\"position\":3,\"name\":\"Filmov\u00fd festival ZA HRADBY: Posledn\u00ed mot\u00fdl\"}]},{\"@type\":\"WebSite\",\"@id\":\"https:\/\/terezinskainiciativa.cz\/#website\",\"url\":\"https:\/\/terezinskainiciativa.cz\/\",\"name\":\"Terez\u00ednsk\u00e1 iniciativa\",\"description\":\"TI je sdru\u017een\u00ed b\u00fdval\u00fdch v\u011bz\u0148\u016f terez\u00ednsk\u00e9ho ghetta a jejich p\u0159\u00edm\u00fdch potomk\u016f\",\"publisher\":{\"@id\":\"https:\/\/terezinskainiciativa.cz\/#organization\"},\"potentialAction\":[{\"@type\":\"SearchAction\",\"target\":{\"@type\":\"EntryPoint\",\"urlTemplate\":\"https:\/\/terezinskainiciativa.cz\/?s={search_term_string}\"},\"query-input\":\"required name=search_term_string\"}],\"inLanguage\":\"en-US\"},{\"@type\":\"Organization\",\"@id\":\"https:\/\/terezinskainiciativa.cz\/#organization\",\"name\":\"Terez\u00ednsk\u00e1 iniciativa\",\"url\":\"https:\/\/terezinskainiciativa.cz\/\",\"logo\":{\"@type\":\"ImageObject\",\"inLanguage\":\"en-US\",\"@id\":\"https:\/\/terezinskainiciativa.cz\/#\/schema\/logo\/image\/\",\"url\":\"https:\/\/terezinskainiciativa.cz\/wp-content\/uploads\/2022\/12\/cropped-ti-v2.png\",\"contentUrl\":\"https:\/\/terezinskainiciativa.cz\/wp-content\/uploads\/2022\/12\/cropped-ti-v2.png\",\"width\":242,\"height\":71,\"caption\":\"Terez\u00ednsk\u00e1 iniciativa\"},\"image\":{\"@id\":\"https:\/\/terezinskainiciativa.cz\/#\/schema\/logo\/image\/\"}}]}<\/script>\n<!-- \/ Yoast SEO plugin. -->","yoast_head_json":{"title":"Filmov\u00fd festival ZA HRADBY: Posledn\u00ed mot\u00fdl - Terez\u00ednsk\u00e1 iniciativa","robots":{"index":"index","follow":"follow","max-snippet":"max-snippet:-1","max-image-preview":"max-image-preview:large","max-video-preview":"max-video-preview:-1"},"canonical":"https:\/\/terezinskainiciativa.cz\/en\/event\/posledni-motyl\/","og_locale":"en_US","og_type":"article","og_title":"Filmov\u00fd festival ZA HRADBY: Posledn\u00ed mot\u00fdl - Terez\u00ednsk\u00e1 iniciativa","og_description":"Ve\u0159ejn\u00e9 prom\u00edt\u00e1n\u00ed filmu z roku 1990, za\u010d\u00e1tek v 8:30, 11:00 (pro \u0161koly) a 17:00 (pro ve\u0159ejnost). Film trv\u00e1 109 minut, na za\u010d\u00e1tku zazn\u00ed cca 15-ti minutov\u00e9 \u00favodn\u00ed slovo. Vstup ZDARMA. [&hellip;]","og_url":"https:\/\/terezinskainiciativa.cz\/en\/event\/posledni-motyl\/","og_site_name":"Terez\u00ednsk\u00e1 iniciativa","article_modified_time":"2023-06-24T14:04:27+00:00","og_image":[{"url":"https:\/\/terezinskainiciativa.cz\/wp-content\/uploads\/2023\/06\/Plakat_Posledni_motyl-300x213.jpg"}],"twitter_card":"summary_large_image","twitter_misc":{"Est. reading time":"1 minute"},"schema":{"@context":"https:\/\/schema.org","@graph":[{"@type":"WebPage","@id":"https:\/\/terezinskainiciativa.cz\/event\/posledni-motyl\/","url":"https:\/\/terezinskainiciativa.cz\/event\/posledni-motyl\/","name":"Filmov\u00fd festival ZA HRADBY: Posledn\u00ed mot\u00fdl - Terez\u00ednsk\u00e1 iniciativa","isPartOf":{"@id":"https:\/\/terezinskainiciativa.cz\/#website"},"datePublished":"2023-03-01T18:21:53+00:00","dateModified":"2023-06-24T14:04:27+00:00","breadcrumb":{"@id":"https:\/\/terezinskainiciativa.cz\/event\/posledni-motyl\/#breadcrumb"},"inLanguage":"en-US","potentialAction":[{"@type":"ReadAction","target":["https:\/\/terezinskainiciativa.cz\/event\/posledni-motyl\/"]}]},{"@type":"BreadcrumbList","@id":"https:\/\/terezinskainiciativa.cz\/event\/posledni-motyl\/#breadcrumb","itemListElement":[{"@type":"ListItem","position":1,"name":"Dom\u016f","item":"https:\/\/terezinskainiciativa.cz\/"},{"@type":"ListItem","position":2,"name":"Akce","item":"https:\/\/terezinskainiciativa.cz\/events\/"},{"@type":"ListItem","position":3,"name":"Filmov\u00fd festival ZA HRADBY: Posledn\u00ed mot\u00fdl"}]},{"@type":"WebSite","@id":"https:\/\/terezinskainiciativa.cz\/#website","url":"https:\/\/terezinskainiciativa.cz\/","name":"Terez\u00ednsk\u00e1 iniciativa","description":"TI je sdru\u017een\u00ed b\u00fdval\u00fdch v\u011bz\u0148\u016f terez\u00ednsk\u00e9ho ghetta a jejich p\u0159\u00edm\u00fdch potomk\u016f","publisher":{"@id":"https:\/\/terezinskainiciativa.cz\/#organization"},"potentialAction":[{"@type":"SearchAction","target":{"@type":"EntryPoint","urlTemplate":"https:\/\/terezinskainiciativa.cz\/?s={search_term_string}"},"query-input":"required name=search_term_string"}],"inLanguage":"en-US"},{"@type":"Organization","@id":"https:\/\/terezinskainiciativa.cz\/#organization","name":"Terez\u00ednsk\u00e1 iniciativa","url":"https:\/\/terezinskainiciativa.cz\/","logo":{"@type":"ImageObject","inLanguage":"en-US","@id":"https:\/\/terezinskainiciativa.cz\/#\/schema\/logo\/image\/","url":"https:\/\/terezinskainiciativa.cz\/wp-content\/uploads\/2022\/12\/cropped-ti-v2.png","contentUrl":"https:\/\/terezinskainiciativa.cz\/wp-content\/uploads\/2022\/12\/cropped-ti-v2.png","width":242,"height":71,"caption":"Terez\u00ednsk\u00e1 iniciativa"},"image":{"@id":"https:\/\/terezinskainiciativa.cz\/#\/schema\/logo\/image\/"}}]}},"_links":{"self":[{"href":"https:\/\/terezinskainiciativa.cz\/en\/wp-json\/wp\/v2\/tribe_events\/385"}],"collection":[{"href":"https:\/\/terezinskainiciativa.cz\/en\/wp-json\/wp\/v2\/tribe_events"}],"about":[{"href":"https:\/\/terezinskainiciativa.cz\/en\/wp-json\/wp\/v2\/types\/tribe_events"}],"author":[{"embeddable":true,"href":"https:\/\/terezinskainiciativa.cz\/en\/wp-json\/wp\/v2\/users\/1"}],"replies":[{"embeddable":true,"href":"https:\/\/terezinskainiciativa.cz\/en\/wp-json\/wp\/v2\/comments?post=385"}],"version-history":[{"count":3,"href":"https:\/\/terezinskainiciativa.cz\/en\/wp-json\/wp\/v2\/tribe_events\/385\/revisions"}],"predecessor-version":[{"id":638,"href":"https:\/\/terezinskainiciativa.cz\/en\/wp-json\/wp\/v2\/tribe_events\/385\/revisions\/638"}],"wp:attachment":[{"href":"https:\/\/terezinskainiciativa.cz\/en\/wp-json\/wp\/v2\/media?parent=385"}],"wp:term":[{"taxonomy":"post_tag","embeddable":true,"href":"https:\/\/terezinskainiciativa.cz\/en\/wp-json\/wp\/v2\/tags?post=385"},{"taxonomy":"tribe_events_cat","embeddable":true,"href":"https:\/\/terezinskainiciativa.cz\/en\/wp-json\/wp\/v2\/tribe_events_cat?post=385"}],"curies":[{"name":"wp","href":"https:\/\/api.w.org\/{rel}","templated":true}]}}

Filmový festival ZA HRADBY: Poslední motýl

<p>Veřejné promítání filmu z roku 1990, začátek v <strong>8:30</strong>, <strong>11:00 </strong>(pro školy) a<strong> 17:00 </strong>(pro veřejnost). Film trvá 109 minut, na začátku zazní cca 15-ti minutové úvodní slovo. Vstup ZDARMA.</p>
<p>Film režiséra Karla Kachyni, natočený v mezinárodní koprodukci (hlavní roli ztělesnil Tom Courtenay), se pokusil vylíčit sílu svědomí: ani nátlak a hrozby nepřimějí čestného umělce, aby se zpronevěřil svým zásadám. Pantomimické kreace vedl Boris Hybner.</p>
<p>Paříž, druhá světová válka. Francouzský mim Antoine Moreau je zatčen gestapem. Jeho milenka spolupracovala s protinacistickým odbojem, čehož chtějí jednotky SS využít k tomu, aby se v židovském ghettu podílel na kruté komedii. Dostane za úkol připravit dětské divadelní představení, které by inspekční delegaci Mezinárodního červeného kříže přesvědčilo o spokojenosti a štěstí života v ghettu. Moreau se však dokáže vzepřít nechutné objednávce a pojme inscenovanou hru O perníkové chaloupce jako podobenství o skutečnosti, jež měla být utajena.</p>
<p><img loading="lazy" decoding="async" class="alignnone  wp-image-627" src="https://terezinskainiciativa.cz/wp-content/uploads/2023/06/Plakat_Posledni_motyl-300x213.jpg" alt="" width="750" height="533" srcset="https://terezinskainiciativa.cz/wp-content/uploads/2023/06/Plakat_Posledni_motyl-300x213.jpg 300w, https://terezinskainiciativa.cz/wp-content/uploads/2023/06/Plakat_Posledni_motyl-1024x726.jpg 1024w, https://terezinskainiciativa.cz/wp-content/uploads/2023/06/Plakat_Posledni_motyl-768x545.jpg 768w, https://terezinskainiciativa.cz/wp-content/uploads/2023/06/Plakat_Posledni_motyl-1536x1090.jpg 1536w, https://terezinskainiciativa.cz/wp-content/uploads/2023/06/Plakat_Posledni_motyl-2048x1453.jpg 2048w, https://terezinskainiciativa.cz/wp-content/uploads/2023/06/Plakat_Posledni_motyl-1200x851.jpg 1200w, https://terezinskainiciativa.cz/wp-content/uploads/2023/06/Plakat_Posledni_motyl-1980x1404.jpg 1980w" sizes="(max-width: 750px) 100vw, 750px" /></p>

<p>Veřejné promítání filmu z roku 1990, začátek v 8:30, 11:00 (pro školy) a 17:00 (pro veřejnost). Film trvá 109 minut, na začátku zazní cca 15-ti minutové úvodní slovo. Vstup ZDARMA. [&hellip;]</p>

<!-- This site is optimized with the Yoast SEO plugin v21.9.1 - https://yoast.com/wordpress/plugins/seo/ -->
<title>Filmový festival ZA HRADBY: Poslední motýl - Terezínská iniciativa</title>
<meta name="robots" content="index, follow, max-snippet:-1, max-image-preview:large, max-video-preview:-1" />
<link rel="canonical" href="https://terezinskainiciativa.cz/en/event/posledni-motyl/" />
<meta property="og:locale" content="en_US" />
<meta property="og:type" content="article" />
<meta property="og:title" content="Filmový festival ZA HRADBY: Poslední motýl - Terezínská iniciativa" />
<meta property="og:description" content="Veřejné promítání filmu z roku 1990, začátek v 8:30, 11:00 (pro školy) a 17:00 (pro veřejnost). Film trvá 109 minut, na začátku zazní cca 15-ti minutové úvodní slovo. Vstup ZDARMA. [&hellip;]" />
<meta property="og:url" content="https://terezinskainiciativa.cz/en/event/posledni-motyl/" />
<meta property="og:site_name" content="Terezínská iniciativa" />
<meta property="article:modified_time" content="2023-06-24T14:04:27+00:00" />
<meta property="og:image" content="https://terezinskainiciativa.cz/wp-content/uploads/2023/06/Plakat_Posledni_motyl-300x213.jpg" />
<meta name="twitter:card" content="summary_large_image" />
<meta name="twitter:label1" content="Est. reading time" />
	<meta name="twitter:data1" content="1 minute" />
<script type="application/ld+json" class="yoast-schema-graph">{"@context":"https://schema.org","@graph":[{"@type":"WebPage","@id":"https://terezinskainiciativa.cz/event/posledni-motyl/","url":"https://terezinskainiciativa.cz/event/posledni-motyl/","name":"Filmový festival ZA HRADBY: Poslední motýl - Terezínská iniciativa","isPartOf":{"@id":"https://terezinskainiciativa.cz/#website"},"datePublished":"2023-03-01T18:21:53+00:00","dateModified":"2023-06-24T14:04:27+00:00","breadcrumb":{"@id":"https://terezinskainiciativa.cz/event/posledni-motyl/#breadcrumb"},"inLanguage":"en-US","potentialAction":[{"@type":"ReadAction","target":["https://terezinskainiciativa.cz/event/posledni-motyl/"]}]},{"@type":"BreadcrumbList","@id":"https://terezinskainiciativa.cz/event/posledni-motyl/#breadcrumb","itemListElement":[{"@type":"ListItem","position":1,"name":"Domů","item":"https://terezinskainiciativa.cz/"},{"@type":"ListItem","position":2,"name":"Akce","item":"https://terezinskainiciativa.cz/events/"},{"@type":"ListItem","position":3,"name":"Filmový festival ZA HRADBY: Poslední motýl"}]},{"@type":"WebSite","@id":"https://terezinskainiciativa.cz/#website","url":"https://terezinskainiciativa.cz/","name":"Terezínská iniciativa","description":"TI je sdružení bývalých vězňů terezínského ghetta a jejich přímých potomků","publisher":{"@id":"https://terezinskainiciativa.cz/#organization"},"potentialAction":[{"@type":"SearchAction","target":{"@type":"EntryPoint","urlTemplate":"https://terezinskainiciativa.cz/?s={search_term_string}"},"query-input":"required name=search_term_string"}],"inLanguage":"en-US"},{"@type":"Organization","@id":"https://terezinskainiciativa.cz/#organization","name":"Terezínská iniciativa","url":"https://terezinskainiciativa.cz/","logo":{"@type":"ImageObject","inLanguage":"en-US","@id":"https://terezinskainiciativa.cz/#/schema/logo/image/","url":"https://terezinskainiciativa.cz/wp-content/uploads/2022/12/cropped-ti-v2.png","contentUrl":"https://terezinskainiciativa.cz/wp-content/uploads/2022/12/cropped-ti-v2.png","width":242,"height":71,"caption":"Terezínská iniciativa"},"image":{"@id":"https://terezinskainiciativa.cz/#/schema/logo/image/"}}]}</script>
<!-- / Yoast SEO plugin. -->

Filmový festival ZA HRADBY: Poslední motýl - Terezínská iniciativa

Veřejné promítání filmu z roku 1990, začátek v 8:30, 11:00 (pro školy) a 17:00 (pro veřejnost). Film trvá 109 minut, na začátku zazní cca 15-ti minutové úvodní slovo. Vstup ZDARMA. [&hellip;]

Terezínská iniciativa

Domů

TI je sdružení bývalých vězňů terezínského ghetta a jejich přímých potomků
