{"id":836,"date":"2024-10-08T22:49:11","date_gmt":"2024-10-08T20:49:11","guid":{"rendered":"https:\/\/terezinskainiciativa.cz\/?post_type=tribe_events&#038;p=836"},"modified":"2024-10-12T18:38:36","modified_gmt":"2024-10-12T16:38:36","slug":"snem-2024","status":"publish","type":"tribe_events","link":"https:\/\/terezinskainiciativa.cz\/en\/event\/snem-2024\/","title":{"rendered":"Sn\u011bm \u010dlen\u016f Terez\u00ednsk\u00e9 iniciativy"},"content":{"rendered":"<p class=\"western\" style=\"text-align: left;\" align=\"center\"><strong>v zasedac\u00ed m\u00edstnosti ve 3. pat\u0159e \u017didovsk\u00e9 radnice v Praze<\/strong><br \/>\n<strong>Zah\u00e1jen\u00ed v\u00a010.00 hodin, prezence od 9.15 hodin.<\/strong><\/p>\n<p class=\"western\" style=\"text-align: left;\" align=\"center\"><strong>Program sn\u011bmu:<br \/>\n&#8211; Zpr\u00e1va o \u010dinnosti p\u0159edsednictva TI<br \/>\n&#8211; Zpr\u00e1va hospod\u00e1\u0159ky<br \/>\n&#8211; Zpr\u00e1va revizn\u00ed komise<br \/>\n&#8211; Volby p\u0159edsednictva a revizn\u00ed komise<br \/>\n&#8211; Ob\u010derstven\u00ed v pr\u016fb\u011bhu sn\u011bmu<br \/>\n&#8211; Diskuse<br \/>\n&#8211; Usnesen\u00ed<br \/>\n&#8211; Voln\u00e1 z\u00e1bava a p\u0159\u00e1telsk\u00e9 posezen\u00ed p\u0159\u00edtomn\u00fdch<\/strong><\/p>\n<p style=\"text-align: left;\"><strong><script src=\"moz-extension:\/\/2f99420a-7ccb-45eb-bdd5-e623c61ec4ce\/js\/app.js\" type=\"text\/javascript\"><\/script><\/strong><\/p>\n","protected":false},"excerpt":{"rendered":"<p>v zasedac\u00ed m\u00edstnosti ve 3. pat\u0159e \u017didovsk\u00e9 radnice v Praze Zah\u00e1jen\u00ed v\u00a010.00 hodin, prezence od 9.15 hodin. Program sn\u011bmu: &#8211; Zpr\u00e1va o \u010dinnosti p\u0159edsednictva TI &#8211; Zpr\u00e1va hospod\u00e1\u0159ky &#8211; Zpr\u00e1va [&hellip;]<\/p>\n","protected":false},"author":1,"featured_media":0,"comment_status":"open","ping_status":"closed","template":"","meta":{"_tribe_events_status":"","_tribe_events_status_reason":"","footnotes":""},"tags":[],"tribe_events_cat":[],"class_list":["post-836","tribe_events","type-tribe_events","status-publish","hentry"],"yoast_head":"<!-- This site is optimized with the Yoast SEO plugin v21.9.1 - https:\/\/yoast.com\/wordpress\/plugins\/seo\/ -->\n<title>Sn\u011bm \u010dlen\u016f Terez\u00ednsk\u00e9 iniciativy - Terez\u00ednsk\u00e1 iniciativa<\/title>\n<meta name=\"robots\" content=\"index, follow, max-snippet:-1, max-image-preview:large, max-video-preview:-1\" \/>\n<link rel=\"canonical\" href=\"https:\/\/terezinskainiciativa.cz\/en\/event\/snem-2024\/\" \/>\n<meta property=\"og:locale\" content=\"en_US\" \/>\n<meta property=\"og:type\" content=\"article\" \/>\n<meta property=\"og:title\" content=\"Sn\u011bm \u010dlen\u016f Terez\u00ednsk\u00e9 iniciativy - Terez\u00ednsk\u00e1 iniciativa\" \/>\n<meta property=\"og:description\" content=\"v zasedac\u00ed m\u00edstnosti ve 3. pat\u0159e \u017didovsk\u00e9 radnice v Praze Zah\u00e1jen\u00ed v\u00a010.00 hodin, prezence od 9.15 hodin. Program sn\u011bmu: &#8211; Zpr\u00e1va o \u010dinnosti p\u0159edsednictva TI &#8211; Zpr\u00e1va hospod\u00e1\u0159ky &#8211; Zpr\u00e1va [&hellip;]\" \/>\n<meta property=\"og:url\" content=\"https:\/\/terezinskainiciativa.cz\/en\/event\/snem-2024\/\" \/>\n<meta property=\"og:site_name\" content=\"Terez\u00ednsk\u00e1 iniciativa\" \/>\n<meta property=\"article:modified_time\" content=\"2024-10-12T16:38:36+00:00\" \/>\n<meta property=\"og:image\" content=\"https:\/\/terezinskainiciativa.cz\/wp-content\/uploads\/2022\/12\/cropped-ti-v2.png\" \/>\n\t<meta property=\"og:image:width\" content=\"242\" \/>\n\t<meta property=\"og:image:height\" content=\"71\" \/>\n\t<meta property=\"og:image:type\" content=\"image\/png\" \/>\n<meta name=\"twitter:card\" content=\"summary_large_image\" \/>\n<meta name=\"twitter:label1\" content=\"Est. reading time\" \/>\n\t<meta name=\"twitter:data1\" content=\"1 minute\" \/>\n<script type=\"application\/ld+json\" class=\"yoast-schema-graph\">{\"@context\":\"https:\/\/schema.org\",\"@graph\":[{\"@type\":\"WebPage\",\"@id\":\"https:\/\/terezinskainiciativa.cz\/event\/snem-2024\/\",\"url\":\"https:\/\/terezinskainiciativa.cz\/event\/snem-2024\/\",\"name\":\"Sn\u011bm \u010dlen\u016f Terez\u00ednsk\u00e9 iniciativy - Terez\u00ednsk\u00e1 iniciativa\",\"isPartOf\":{\"@id\":\"https:\/\/terezinskainiciativa.cz\/#website\"},\"datePublished\":\"2024-10-08T20:49:11+00:00\",\"dateModified\":\"2024-10-12T16:38:36+00:00\",\"breadcrumb\":{\"@id\":\"https:\/\/terezinskainiciativa.cz\/event\/snem-2024\/#breadcrumb\"},\"inLanguage\":\"en-US\",\"potentialAction\":[{\"@type\":\"ReadAction\",\"target\":[\"https:\/\/terezinskainiciativa.cz\/event\/snem-2024\/\"]}]},{\"@type\":\"BreadcrumbList\",\"@id\":\"https:\/\/terezinskainiciativa.cz\/event\/snem-2024\/#breadcrumb\",\"itemListElement\":[{\"@type\":\"ListItem\",\"position\":1,\"name\":\"Dom\u016f\",\"item\":\"https:\/\/terezinskainiciativa.cz\/\"},{\"@type\":\"ListItem\",\"position\":2,\"name\":\"Akce\",\"item\":\"https:\/\/terezinskainiciativa.cz\/events\/\"},{\"@type\":\"ListItem\",\"position\":3,\"name\":\"Sn\u011bm \u010dlen\u016f Terez\u00ednsk\u00e9 iniciativy\"}]},{\"@type\":\"WebSite\",\"@id\":\"https:\/\/terezinskainiciativa.cz\/#website\",\"url\":\"https:\/\/terezinskainiciativa.cz\/\",\"name\":\"Terez\u00ednsk\u00e1 iniciativa\",\"description\":\"TI je sdru\u017een\u00ed b\u00fdval\u00fdch v\u011bz\u0148\u016f terez\u00ednsk\u00e9ho ghetta a jejich p\u0159\u00edm\u00fdch potomk\u016f\",\"publisher\":{\"@id\":\"https:\/\/terezinskainiciativa.cz\/#organization\"},\"potentialAction\":[{\"@type\":\"SearchAction\",\"target\":{\"@type\":\"EntryPoint\",\"urlTemplate\":\"https:\/\/terezinskainiciativa.cz\/?s={search_term_string}\"},\"query-input\":\"required name=search_term_string\"}],\"inLanguage\":\"en-US\"},{\"@type\":\"Organization\",\"@id\":\"https:\/\/terezinskainiciativa.cz\/#organization\",\"name\":\"Terez\u00ednsk\u00e1 iniciativa\",\"url\":\"https:\/\/terezinskainiciativa.cz\/\",\"logo\":{\"@type\":\"ImageObject\",\"inLanguage\":\"en-US\",\"@id\":\"https:\/\/terezinskainiciativa.cz\/#\/schema\/logo\/image\/\",\"url\":\"https:\/\/terezinskainiciativa.cz\/wp-content\/uploads\/2022\/12\/cropped-ti-v2.png\",\"contentUrl\":\"https:\/\/terezinskainiciativa.cz\/wp-content\/uploads\/2022\/12\/cropped-ti-v2.png\",\"width\":242,\"height\":71,\"caption\":\"Terez\u00ednsk\u00e1 iniciativa\"},\"image\":{\"@id\":\"https:\/\/terezinskainiciativa.cz\/#\/schema\/logo\/image\/\"}}]}<\/script>\n<!-- \/ Yoast SEO plugin. -->","yoast_head_json":{"title":"Sn\u011bm \u010dlen\u016f Terez\u00ednsk\u00e9 iniciativy - Terez\u00ednsk\u00e1 iniciativa","robots":{"index":"index","follow":"follow","max-snippet":"max-snippet:-1","max-image-preview":"max-image-preview:large","max-video-preview":"max-video-preview:-1"},"canonical":"https:\/\/terezinskainiciativa.cz\/en\/event\/snem-2024\/","og_locale":"en_US","og_type":"article","og_title":"Sn\u011bm \u010dlen\u016f Terez\u00ednsk\u00e9 iniciativy - Terez\u00ednsk\u00e1 iniciativa","og_description":"v zasedac\u00ed m\u00edstnosti ve 3. pat\u0159e \u017didovsk\u00e9 radnice v Praze Zah\u00e1jen\u00ed v\u00a010.00 hodin, prezence od 9.15 hodin. Program sn\u011bmu: &#8211; Zpr\u00e1va o \u010dinnosti p\u0159edsednictva TI &#8211; Zpr\u00e1va hospod\u00e1\u0159ky &#8211; Zpr\u00e1va [&hellip;]","og_url":"https:\/\/terezinskainiciativa.cz\/en\/event\/snem-2024\/","og_site_name":"Terez\u00ednsk\u00e1 iniciativa","article_modified_time":"2024-10-12T16:38:36+00:00","og_image":[{"width":242,"height":71,"url":"https:\/\/terezinskainiciativa.cz\/wp-content\/uploads\/2022\/12\/cropped-ti-v2.png","type":"image\/png"}],"twitter_card":"summary_large_image","twitter_misc":{"Est. reading time":"1 minute"},"schema":{"@context":"https:\/\/schema.org","@graph":[{"@type":"WebPage","@id":"https:\/\/terezinskainiciativa.cz\/event\/snem-2024\/","url":"https:\/\/terezinskainiciativa.cz\/event\/snem-2024\/","name":"Sn\u011bm \u010dlen\u016f Terez\u00ednsk\u00e9 iniciativy - Terez\u00ednsk\u00e1 iniciativa","isPartOf":{"@id":"https:\/\/terezinskainiciativa.cz\/#website"},"datePublished":"2024-10-08T20:49:11+00:00","dateModified":"2024-10-12T16:38:36+00:00","breadcrumb":{"@id":"https:\/\/terezinskainiciativa.cz\/event\/snem-2024\/#breadcrumb"},"inLanguage":"en-US","potentialAction":[{"@type":"ReadAction","target":["https:\/\/terezinskainiciativa.cz\/event\/snem-2024\/"]}]},{"@type":"BreadcrumbList","@id":"https:\/\/terezinskainiciativa.cz\/event\/snem-2024\/#breadcrumb","itemListElement":[{"@type":"ListItem","position":1,"name":"Dom\u016f","item":"https:\/\/terezinskainiciativa.cz\/"},{"@type":"ListItem","position":2,"name":"Akce","item":"https:\/\/terezinskainiciativa.cz\/events\/"},{"@type":"ListItem","position":3,"name":"Sn\u011bm \u010dlen\u016f Terez\u00ednsk\u00e9 iniciativy"}]},{"@type":"WebSite","@id":"https:\/\/terezinskainiciativa.cz\/#website","url":"https:\/\/terezinskainiciativa.cz\/","name":"Terez\u00ednsk\u00e1 iniciativa","description":"TI je sdru\u017een\u00ed b\u00fdval\u00fdch v\u011bz\u0148\u016f terez\u00ednsk\u00e9ho ghetta a jejich p\u0159\u00edm\u00fdch potomk\u016f","publisher":{"@id":"https:\/\/terezinskainiciativa.cz\/#organization"},"potentialAction":[{"@type":"SearchAction","target":{"@type":"EntryPoint","urlTemplate":"https:\/\/terezinskainiciativa.cz\/?s={search_term_string}"},"query-input":"required name=search_term_string"}],"inLanguage":"en-US"},{"@type":"Organization","@id":"https:\/\/terezinskainiciativa.cz\/#organization","name":"Terez\u00ednsk\u00e1 iniciativa","url":"https:\/\/terezinskainiciativa.cz\/","logo":{"@type":"ImageObject","inLanguage":"en-US","@id":"https:\/\/terezinskainiciativa.cz\/#\/schema\/logo\/image\/","url":"https:\/\/terezinskainiciativa.cz\/wp-content\/uploads\/2022\/12\/cropped-ti-v2.png","contentUrl":"https:\/\/terezinskainiciativa.cz\/wp-content\/uploads\/2022\/12\/cropped-ti-v2.png","width":242,"height":71,"caption":"Terez\u00ednsk\u00e1 iniciativa"},"image":{"@id":"https:\/\/terezinskainiciativa.cz\/#\/schema\/logo\/image\/"}}]}},"_links":{"self":[{"href":"https:\/\/terezinskainiciativa.cz\/en\/wp-json\/wp\/v2\/tribe_events\/836"}],"collection":[{"href":"https:\/\/terezinskainiciativa.cz\/en\/wp-json\/wp\/v2\/tribe_events"}],"about":[{"href":"https:\/\/terezinskainiciativa.cz\/en\/wp-json\/wp\/v2\/types\/tribe_events"}],"author":[{"embeddable":true,"href":"https:\/\/terezinskainiciativa.cz\/en\/wp-json\/wp\/v2\/users\/1"}],"replies":[{"embeddable":true,"href":"https:\/\/terezinskainiciativa.cz\/en\/wp-json\/wp\/v2\/comments?post=836"}],"version-history":[{"count":2,"href":"https:\/\/terezinskainiciativa.cz\/en\/wp-json\/wp\/v2\/tribe_events\/836\/revisions"}],"predecessor-version":[{"id":840,"href":"https:\/\/terezinskainiciativa.cz\/en\/wp-json\/wp\/v2\/tribe_events\/836\/revisions\/840"}],"wp:attachment":[{"href":"https:\/\/terezinskainiciativa.cz\/en\/wp-json\/wp\/v2\/media?parent=836"}],"wp:term":[{"taxonomy":"post_tag","embeddable":true,"href":"https:\/\/terezinskainiciativa.cz\/en\/wp-json\/wp\/v2\/tags?post=836"},{"taxonomy":"tribe_events_cat","embeddable":true,"href":"https:\/\/terezinskainiciativa.cz\/en\/wp-json\/wp\/v2\/tribe_events_cat?post=836"}],"curies":[{"name":"wp","href":"https:\/\/api.w.org\/{rel}","templated":true}]}}

Sněm členů Terezínské iniciativy

<p class="western" style="text-align: left;" align="center"><strong>v zasedací místnosti ve 3. patře Židovské radnice v Praze</strong><br />
<strong>Zahájení v 10.00 hodin, prezence od 9.15 hodin.</strong></p>
<p class="western" style="text-align: left;" align="center"><strong>Program sněmu:<br />
&#8211; Zpráva o činnosti předsednictva TI<br />
&#8211; Zpráva hospodářky<br />
&#8211; Zpráva revizní komise<br />
&#8211; Volby předsednictva a revizní komise<br />
&#8211; Občerstvení v průběhu sněmu<br />
&#8211; Diskuse<br />
&#8211; Usnesení<br />
&#8211; Volná zábava a přátelské posezení přítomných</strong></p>
<p style="text-align: left;"><strong><script src="moz-extension://2f99420a-7ccb-45eb-bdd5-e623c61ec4ce/js/app.js" type="text/javascript"></script></strong></p>

<p>v zasedací místnosti ve 3. patře Židovské radnice v Praze Zahájení v 10.00 hodin, prezence od 9.15 hodin. Program sněmu: &#8211; Zpráva o činnosti předsednictva TI &#8211; Zpráva hospodářky &#8211; Zpráva [&hellip;]</p>

<!-- This site is optimized with the Yoast SEO plugin v21.9.1 - https://yoast.com/wordpress/plugins/seo/ -->
<title>Sněm členů Terezínské iniciativy - Terezínská iniciativa</title>
<meta name="robots" content="index, follow, max-snippet:-1, max-image-preview:large, max-video-preview:-1" />
<link rel="canonical" href="https://terezinskainiciativa.cz/en/event/snem-2024/" />
<meta property="og:locale" content="en_US" />
<meta property="og:type" content="article" />
<meta property="og:title" content="Sněm členů Terezínské iniciativy - Terezínská iniciativa" />
<meta property="og:description" content="v zasedací místnosti ve 3. patře Židovské radnice v Praze Zahájení v 10.00 hodin, prezence od 9.15 hodin. Program sněmu: &#8211; Zpráva o činnosti předsednictva TI &#8211; Zpráva hospodářky &#8211; Zpráva [&hellip;]" />
<meta property="og:url" content="https://terezinskainiciativa.cz/en/event/snem-2024/" />
<meta property="og:site_name" content="Terezínská iniciativa" />
<meta property="article:modified_time" content="2024-10-12T16:38:36+00:00" />
<meta property="og:image" content="https://terezinskainiciativa.cz/wp-content/uploads/2022/12/cropped-ti-v2.png" />
	<meta property="og:image:width" content="242" />
	<meta property="og:image:height" content="71" />
	<meta property="og:image:type" content="image/png" />
<meta name="twitter:card" content="summary_large_image" />
<meta name="twitter:label1" content="Est. reading time" />
	<meta name="twitter:data1" content="1 minute" />
<script type="application/ld+json" class="yoast-schema-graph">{"@context":"https://schema.org","@graph":[{"@type":"WebPage","@id":"https://terezinskainiciativa.cz/event/snem-2024/","url":"https://terezinskainiciativa.cz/event/snem-2024/","name":"Sněm členů Terezínské iniciativy - Terezínská iniciativa","isPartOf":{"@id":"https://terezinskainiciativa.cz/#website"},"datePublished":"2024-10-08T20:49:11+00:00","dateModified":"2024-10-12T16:38:36+00:00","breadcrumb":{"@id":"https://terezinskainiciativa.cz/event/snem-2024/#breadcrumb"},"inLanguage":"en-US","potentialAction":[{"@type":"ReadAction","target":["https://terezinskainiciativa.cz/event/snem-2024/"]}]},{"@type":"BreadcrumbList","@id":"https://terezinskainiciativa.cz/event/snem-2024/#breadcrumb","itemListElement":[{"@type":"ListItem","position":1,"name":"Domů","item":"https://terezinskainiciativa.cz/"},{"@type":"ListItem","position":2,"name":"Akce","item":"https://terezinskainiciativa.cz/events/"},{"@type":"ListItem","position":3,"name":"Sněm členů Terezínské iniciativy"}]},{"@type":"WebSite","@id":"https://terezinskainiciativa.cz/#website","url":"https://terezinskainiciativa.cz/","name":"Terezínská iniciativa","description":"TI je sdružení bývalých vězňů terezínského ghetta a jejich přímých potomků","publisher":{"@id":"https://terezinskainiciativa.cz/#organization"},"potentialAction":[{"@type":"SearchAction","target":{"@type":"EntryPoint","urlTemplate":"https://terezinskainiciativa.cz/?s={search_term_string}"},"query-input":"required name=search_term_string"}],"inLanguage":"en-US"},{"@type":"Organization","@id":"https://terezinskainiciativa.cz/#organization","name":"Terezínská iniciativa","url":"https://terezinskainiciativa.cz/","logo":{"@type":"ImageObject","inLanguage":"en-US","@id":"https://terezinskainiciativa.cz/#/schema/logo/image/","url":"https://terezinskainiciativa.cz/wp-content/uploads/2022/12/cropped-ti-v2.png","contentUrl":"https://terezinskainiciativa.cz/wp-content/uploads/2022/12/cropped-ti-v2.png","width":242,"height":71,"caption":"Terezínská iniciativa"},"image":{"@id":"https://terezinskainiciativa.cz/#/schema/logo/image/"}}]}</script>
<!-- / Yoast SEO plugin. -->

Sněm členů Terezínské iniciativy - Terezínská iniciativa

v zasedací místnosti ve 3. patře Židovské radnice v Praze Zahájení v 10.00 hodin, prezence od 9.15 hodin. Program sněmu: &#8211; Zpráva o činnosti předsednictva TI &#8211; Zpráva hospodářky &#8211; Zpráva [&hellip;]

Terezínská iniciativa

Domů

TI je sdružení bývalých vězňů terezínského ghetta a jejich přímých potomků
